((-2254)/(-9))/2 + 144/(-648)?
1
Let a(v) = -3*v + 56. Let s = -30 - -30. What is the units digit of a(s)?
6
Suppose 27*w - 9766 = 2681. What is the tens digit of w?
6
Let t(k) = 3*k + 1. Let u be t(-1). Let a be (-5)/(-15) + u/6. Suppose a*l - 5 = -l. What is the units digit of l?
5
Suppose -g + 10 = g. Suppose -2*b + 16 = 4*d, d - g + 1 = 3*b. Suppose n - 1 = -4*i, 4*i + 26 = d*n - 2*n. What is the units digit of n?
9
Let l(m) = -8*m**3 + 3*m**2 + 3*m - 6. What is the hundreds digit of l(-4)?
5
Let y be (2 + (9 - 3))/2. What is the tens digit of y/(-6)*39/(-2)?
1
Let v(c) = -6*c - 22. Let k be v(-3). What is the tens digit of (-6)/k*(-16)/24*-70?
7
Let a(u) = 3*u**2 - u + 3. Suppose 0 = 3*k + 2*h - 6, -k + h - 2 = 3*h. Let i be a(k). Let z = -23 + i. What is the units digit of z?
4
Suppose 761 = 2*n - g, -n = 3*n + 2*g - 1502. Let m = n + -265. What is the units digit of m?
3
Let q = -1 - 1. Let c = 117 - 87. What is the units digit of (c + (-6)/q)*1?
3
Suppose 5*r - 4*o = 1323, -5*o = 12*r - 7*r - 1350. What is the units digit of r?
7
Let t(v) = -v**2 - 9*v + 1. Let r be t(-9). What is the units digit of (r - (-2 + 0))/((-3)/(-10))?
0
Suppose 166*n - 162*n = 2536. What is the hundreds digit of n?
6
Let s(n) = n**3 - 25*n**2 + 28*n - 77. What is the units digit of s(24)?
9
Suppose -2*b + 2*o = -1239 - 795, 3*b - 3066 = -2*o. What is the units digit of b?
0
Let p(x) = 389*x + 35. What is the tens digit of p(2)?
1
Suppose 2*v = -4*z + 5842, -4*v - 1215 = 3*z - 5609. What is the tens digit of z?
5
Let p be (3 - (5 + -2))/(-1) + -4. What is the tens digit of 0 + 0 - (2 - (9 - p))?
1
Suppose -3*i + 15 = -0*i. Suppose -m = -i*h - 3*m + 387, -h = -5*m - 99. What is the tens digit of h?
7
Suppose -11*x + 14*x - 213 = 0. Let j = x - -88. What is the hundreds digit of j?
1
Suppose 17 = -6*d + 71. What is the tens digit of (0 - (-18)/(-7))/(d/(-462))?
3
Let m(x) = 8*x + 102. What is the units digit of m(26)?
0
Let c(k) = 14*k**3 - k**2 + 2*k + 1. Let w be c(2). Let q = w + -63. What is the tens digit of q?
5
Let o = -1 + 22. Let k = o - -17. What is the tens digit of k?
3
Let t(r) = -2*r**2 + r - 3. Let m be t(4). Let g = m + 33. What is the units digit of g?
2
Suppose -2*o - 3*b + 126 = -0*o, 3*o - 172 = 4*b. Let m = o - 30. Let k = m + -18. What is the units digit of k?
2
Let l(p) = -9*p - 5. Let o(t) = -19*t - 8. Let q(c) = 5*l(c) - 2*o(c). Suppose -s - 2 = 3. What is the tens digit of q(s)?
2
Let g(j) = 2*j + 19. Suppose -41 = 5*q - 2*m, 2*m = -1 + 7. What is the units digit of g(q)?
5
What is the tens digit of 502821/135 - 6/10?
2
Let x = -395 + 2563. What is the hundreds digit of x?
1
Let y(t) = -t**3 + 16*t**2 + 16*t + 26. Let w be y(17). Suppose w*u - 1508 + 239 = 0. What is the hundreds digit of u?
1
Let n = 73 + -70. Suppose -n*d + 707 - 248 = 0. What is the tens digit of d?
5
Suppose 2*r = 5*x - 2552, -4*r + 404 = 5*x - 2142. What is the units digit of x?
0
Let c = -15 - -18. Suppose -3*s - 2 = -m - m, -3*m + c = 0. Suppose 2*k - 10 - 34 = s. What is the units digit of k?
2
Let m(w) = 2*w + 5. Let p = -13 + 5. Let t = -3 - p. What is the tens digit of m(t)?
1
What is the units digit of (-1552)/8*-1*1?
4
Let n(d) = -d**3 - 18*d**2 - 23*d - 31. What is the tens digit of n(-17)?
7
Let x = 4 + 8. Suppose 6 - 11 = -i. Let m = x - i. What is the units digit of m?
7
Let t(r) = 19*r**2 + 6*r - 1. Let s(g) = 38*g**2 + 13*g - 2. Let f(c) = -6*s(c) + 13*t(c). What is the tens digit of f(-1)?
1
What is the tens digit of (-10 + 13)*(-3005)/(-5)?
0
Suppose -26 + 54 = 7*i. Suppose -5*z - 2*u + 1341 = 0, i*u - u - 543 = -2*z. What is the units digit of z?
7
Let a be 4*((-6)/(-2) - 2). Suppose 0 = a*p + 4*n - 40, 2*p - 17 = -3*n + 1. What is the units digit of (-345)/(-18) + (-2)/p?
9
Let n(t) = 19*t + 189. What is the tens digit of n(20)?
6
Let t(m) = m**2 + 2*m - 7. Suppose 0*f = -3*f + 3*q - 24, q - 40 = 5*f. Let x(n) = n - 1. Let w be x(f). What is the units digit of t(w)?
6
Let c = 52 + -10. Let x = c - 20. What is the tens digit of x?
2
Suppose 2*p - 3*p - 9 = 3*z, 2*z - 3*p - 5 = 0. What is the units digit of (-4)/(-16)*z*-122?
1
Suppose 0 = 5*g + 25, -2*p - 109 = -4*p - 3*g. Suppose 0 = -2*n + p + 108. What is the tens digit of n?
8
Let h(n) = -n**2 - 13*n - 22. Let c be h(-11). Suppose c*v = 11*v - 77. What is the units digit of v?
7
Let m(r) = 15*r**3 - 2*r**2 + 3*r. Let p be m(1). Suppose -2*t - p = 4*k, -5*t = 4*k - 0*k + 10. What is the units digit of t?
2
Let g(i) = -4*i + 10. Let f be g(2). Suppose -f*m = -173 - 101. What is the tens digit of m?
3
Let i = 938 - 234. What is the tens digit of i?
0
What is the units digit of (-8 - -4)*4088/(-16)?
2
Let o = -472 + 1022. What is the units digit of o?
0
Let v(u) = 2*u - 1. Let d be v(3). Suppose d*h + k - 14 = 5*k, 0 = -2*h - 2*k + 2. What is the units digit of h?
2
Let z(y) = 98*y + 10. Let o be z(5). What is the units digit of (-2)/(-7) + o/14?
6
Let f = -5 - -14. Let n be (-6)/f*(-27)/6. Suppose -k = -n - 14. What is the tens digit of k?
1
What is the hundreds digit of ((-23192)/156)/(1/(-6))?
8
Let o be (-245)/(-21)*3/1. Let j = 111 - o. What is the tens digit of j?
7
Suppose 4*w - z - 13828 = 0, 20*z = -w + 24*z + 3442. What is the units digit of w?
8
Suppose 5 = -4*t + 1. Let c be ((-9)/t)/(9/84). Let f = c + -59. What is the tens digit of f?
2
Suppose 61 = -5*z + 76. Let v be (-13)/(-5) - 2/(-5). What is the tens digit of -3*(-4)/v*z?
1
Let s(d) be the second derivative of -17*d**3/2 + 5*d**2/2 + 19*d. What is the tens digit of s(-2)?
0
Suppose h - 143 = -44. What is the tens digit of h?
9
Let t = -728 - -1148. Suppose t + 30 = 5*c. What is the units digit of c?
0
Let z be (-2)/(-1*1/2). Let k = 6 - z. Suppose 5*t - 3*l - 93 = 0, -t - 5*l = k*t - 83. What is the tens digit of t?
2
Let x(a) = -5*a + 51. What is the hundreds digit of x(-15)?
1
Let s = -31 + 36. Suppose 3*f = -12, -b + 0*b = s*f + 1. What is the tens digit of b?
1
Suppose -839 + 275 = -v. Suppose -3*g - v = -9*g. What is the units digit of g?
4
Let y = -30 + 12. Let a = -3 - y. Suppose -f + a + 8 = 0. What is the tens digit of f?
2
Suppose 0*k - 4*k = 64. Let v be 16/(-2)*8/k. Suppose 0 = -v*s + 245 + 35. What is the tens digit of s?
7
Suppose 6 + 2 = 3*v + 4*a, 0 = -v + 5*a + 9. Suppose -10 = -u - v*u. Suppose -j + u*j + 7 = 4*z, 3*j + 1 = 2*z. What is the units digit of z?
2
Let l = 863 + -591. Suppose 23 - 380 = -5*a - 2*r, -4*a - 5*r = -l. Let h = a - 43. What is the units digit of h?
0
Suppose 2*q = 2*x + 16, 4*q - 3*x = -7 + 35. Let w(d) = 7*d**2 - 8*d - 5. What is the units digit of w(q)?
5
Let y(f) = 7*f**3 + f**2 - 6*f + 23. What is the thousands digit of y(6)?
1
Let j be 72*((-2)/4 - 0). Suppose 18*f = -c + 21*f - 42, -126 = 3*c + 5*f. What is the tens digit of (c/18)/(2/j)?
4
Let i(h) = -237*h - 13. Let y(l) = 59*l + 3. Let u(m) = -2*i(m) - 9*y(m). What is the tens digit of u(-1)?
5
Suppose 12 = -3*n + 3*i - 51, 5*n + 4*i = -150. Let y = n + 43. Let f = 28 - y. What is the units digit of f?
1
Suppose -h - 5*c + 554 + 170 = 0, -5*h = c - 3548. Let j = h + -503. What is the hundreds digit of j?
2
Let v(d) = -3*d**3 + 19*d**2 + 7*d + 22. Let x(c) = 7*c**3 - 39*c**2 - 13*c - 45. Let k(p) = 9*v(p) + 4*x(p). What is the units digit of k(-14)?
0
Suppose 6*r - 4*r = 246. Let g be (-21)/28 + r/4. Suppose 3*d = d + g. What is the units digit of d?
5
What is the tens digit of ((-42)/24 + 4)/((-3)/(-1480))?
1
Suppose -2 = -3*h + 2*h, -4*w + 5*h = -1250. What is the units digit of w?
5
Suppose 4*l - 4 + 6 = f, 0 = -3*l - f + 2. Suppose -2*u - p + 352 + 4 = l, -2*p + 358 = 2*u. What is the hundreds digit of u?
1
Let c(f) = 1 + f**2 + 3*f + 25*f**3 + 32*f**3 - 78*f**3 + 0*f. Suppose -2*w + 5 = 5*r, 2*r - 4*w + 2 + 20 = 0. What is the units digit of c(r)?
0
Let l(y) be the first derivative of y**3/3 + 11*y**2/2 - 2*y - 27. What is the tens digit of l(-13)?
2
Suppose k = -4*k + 25. Let z(v) = -v**3 + 6*v**2 - v + 7. Let m be z(k). Suppose 39 + m = 2*a. What is the units digit of a?
3
Let v be (-10)/((-280)/63)*(-64)/(-6). Suppose 2*y = -3*y - 70. Let n = v + y. What is the units digit of n?
0
Suppose -28*w - 68 = -29*w. Let l = w + 54. What is the tens digit of l?
2
Let c = 52 - 50. Suppose c*p + 20 = 72. What is the tens digit 